t + 2*t - 128. Let q = -22 - f. Calculate the highest common divisor of u and q.
3
Let h be 19/5 - 6/(-30). What is the greatest common factor of 36 and h?
4
Let n(t) = t**3 - 5*t**2 + 2*t + 5. Let j be n(4). Let u be ((-1)/(-3))/(j/(-27)). Suppose -104 = -u*o - o. What is the greatest common factor of o and 65?
13
Let f = 8 + 10. Calculate the highest common factor of 90 and f.
18
Let y = 99 + 33. What is the greatest common divisor of 12 and y?
12
Let d be 2 + -1*1*-4. Let b = -10 - -28. What is the greatest common divisor of b and d?
6
Let x be (-8)/12 - 58/(-6). Let h be -1*(-1)/(-1 + 2). Calculate the greatest common factor of h and x.
1
Let d(h) = -33*h**3 + 2*h**2 + h. Let u be d(-1). Suppose -y = y - u. What is the highest common factor of y and 153?
17
Let s be 4/(-1)*18/(-8). Let g be (-564)/(-60) + (-2)/5. What is the greatest common divisor of s and g?
9
Let o be 3/(-3) + 3 - 6. Let h(w) = w**3 + 7*w**2 - 3*w - 5. Let x be h(o). Calculate the greatest common factor of x and 5.
5
Suppose 5*c = -28 + 3, 0 = -3*f - 5*c + 59. Calculate the highest common divisor of f and 7.
7
Let r be -5*4/12*-6. Suppose 2 = -i + 4. What is the highest common factor of i and r?
2
Suppose -15 = -4*t + t. Suppose t*g = 414 + 41. Suppose -4*l + 3*f + 43 = 0, 5*l - 31 = -2*f + 40. What is the highest common factor of g and l?
13
Let g be 1006/(-6) - 6/(-9). Let q = 237 + g. Calculate the highest common factor of q and 10.
10
Let n(p) = -p + 9. Let q(f) = -2*f + 14. Let a(k) = -8*n(k) + 5*q(k). Let m be a(-5). Let g = 7 + -5. Calculate the greatest common factor of g and m.
2
Let f(k) = k + 4. Let c be f(6). Let t be 105 + -1*(5 - 0). What is the greatest common factor of c and t?
10
Let t(g) = 6*g**2 - 2*g + 1. Let u be t(1). What is the highest common factor of 10 and u?
5
Suppose 2*c - 3*c - 4 = -4*s, 30 = 5*s + 5*c. Let d be 5/(-10) - s/(-4). Suppose -4*u = -d*u - 16. What is the greatest common factor of u and 8?
4
Suppose -4*d + 7*d = -6. Let u be (-215)/(-6) - d/12. Calculate the greatest common factor of 12 and u.
12
Let v = -379 - -654. What is the greatest common factor of v and 55?
55
Let u(r) = -r + 2. Let a be u(8). Let o be 4/a*(-10 - 35). What is the highest common factor of o and 75?
15
Let p(o) = o**3 + 21*o**2 + 18*o - 28. Let u be p(-20). Calculate the highest common factor of u and 72.
12
Let h = -4 - -6. Let i(m) = 5*m + 1. Let o be i(1). Calculate the highest common factor of h and o.
2
Suppose 2*s + 4 = 12. Suppose -6 = -b + 2*p, 57 - 13 = s*b - 4*p. Calculate the greatest common divisor of 40 and b.
8
Let i be 0/1*(-1)/2. Suppose z - 4*q - 11 = i, -z + 13 - 2 = -3*q. What is the highest common factor of 55 and z?
11
Let o be (-549)/(-45) + (-2)/10. What is the greatest common factor of o and 36?
12
Let d be -4 + 40 - 1*(-1 + -2). Calculate the highest common factor of 3 and d.
3
Let a(c) = 33*c - 28*c + 2 + 31*c. Let w be a(3). Calculate the greatest common factor of 10 and w.
10
Let x be (0 + 2)/((-4)/(-10)). Suppose w + x = -0*w. Let y = w + 21. Calculate the highest common factor of y and 32.
16
Suppose -49 = -u + 5*q + 57, 5*u - 4*q = 425. Calculate the greatest common divisor of u and 9.
9
Let n = -16 + 10. Let d be 1 - -6*3/n. Let c be (28/(-10))/(d/5). What is the greatest common divisor of 28 and c?
7
Let n = 47 - 80. Let h = 60 + n. Calculate the highest common factor of 3 and h.
3
Suppose 4*h - 24 = -2*o, 2*h = -8*o + 4*o + 24. Suppose y - 5*v - 4 = 0, -4*y - 5*v + 45 = h. Calculate the highest common factor of y and 81.
9
Let c = 11 - 10. Suppose -4*n + 1 = -3. Calculate the greatest common divisor of c and n.
1
Suppose -3 = -3*p - 3*w, 0 = 4*p - 4*w - 5 - 15. What is the highest common factor of 24 and p?
3
Let f be (-34)/(-8) - (-6)/8. Calculate the greatest common divisor of 35 and f.
5
Let o = 56 - 9. Calculate the greatest common factor of o and 376.
47
Let h(v) = -v**3 - 8*v**2 - 6*v + 9. Let g be h(-7). Suppose m + 41 = g*r, -3*m - 11 - 68 = -4*r. What is the highest common divisor of r and 2?
2
Let n(x) = -x**2 - 9*x - 4. Let h = 13 + -33. Let b = h - -14. Let c be n(b). Calculate the highest common factor of c and 14.
14
Suppose 5*m + 8*g = 3*g + 5, 3 = 3*g. Let s be (2 - m)/4*228. Suppose 46 = u + u - q, -s = -5*u + 2*q. Calculate the highest common divisor of 2 and u.
2
Let k be (-52)/(-16)*2*8. Suppose g = 3*s - k, 2*s + 47 = 5*s + 4*g. Calculate the highest common divisor of s and 102.
17
Let x be (96/144)/(4/3 - 1). Calculate the greatest common divisor of x and 26.
2
Suppose -2*k = -5*r - 190, 3*k - 115 = -4*r + 147. Calculate the highest common divisor of k and 10.
10
Let r = 1 - -2. Suppose -5*y + 28 = -r*y. Calculate the greatest common divisor of 154 and y.
14
Suppose 90 = 2*m + 24. What is the highest common factor of m and 44?
11
Suppose 5*r + 119 - 379 = 0. What is the greatest common divisor of r and 130?
26
Let u(l) = -2*l + 4. Let i be u(-5). What is the highest common divisor of i and 28?
14
Let f = 212 - 108. What is the greatest common divisor of 260 and f?
52
Let g be -4*((-51)/12 + 1). Suppose -308 = -0*s - s. Suppose 17 = 5*w - s. What is the highest common divisor of w and g?
13
Let g(s) = s**2 + 3*s - 5. Let h be g(-5). Let t(z) = z + 12. Let r be t(-7). What is the highest common divisor of r and h?
5
Let v be (-56)/(-9) - (-22)/(-99). Let u be (3/9)/(1/6). What is the greatest common divisor of u and v?
2
Let s be (-6)/21 + 172/14. Let i be 9/(-6)*(-10)/3. Let x(k) = -k**2 + 6*k + 3. Let t be x(i). What is the greatest common factor of t and s?
4
Let m = -12 + 25. Suppose 20 = -5*v, 4*v - 3 - 9 = a. Let z = 54 + a. What is the highest common divisor of m and z?
13
Suppose 3*v - 1 = -16. Let x be 89 - v/((-5)/(-2)). Calculate the highest common factor of 13 and x.
13
Let u(o) = -o**2 - o. Let q(d) = -d**3 - 9*d**2 - 2*d - 3. Let v(p) = -q(p) + 4*u(p). Let t be v(-5). What is the highest common divisor of t and 143?
13
Suppose -9*y = -5*y - 84. Calculate the highest common divisor of y and 7.
7
Suppose -5*c = 3*j - 550, -110 = -c - j + 3*j. What is the highest common divisor of c and 10?
10
Let f be (-3)/(-1*3/38). What is the highest common divisor of f and 2?
2
Let c be 5 + 0/(-3 + 1). Suppose 0 + 4 = c*n - i, -5*i = 2*n - 7. Calculate the highest common factor of n and 2.
1
Suppose -120 = -14*v - v. What is the greatest common divisor of v and 56?
8
Suppose 3*r - 5*a = 6, 2*a = -3*r + 3 + 3. Suppose 12 = r*u - 0*u. What is the highest common divisor of u and 12?
6
Suppose 0 = -10*o + 19*o - 198. What is the highest common factor of o and 154?
22
Let u(w) = 4*w**2 + 3*w - 3. Let z be u(-3). Let i = -13 + z. Let t = 180 - 103. What is the highest common factor of i and t?
11
Let p(o) = o**3 + 2*o**2 - 3*o + 2. Let b be p(2). Let m(f) = f**3 + 5*f**2 + 2*f + 4. Let c be m(-4). What is the highest common factor of c and b?
12
Let j be -4*7*(-1)/4. Let y be (-2)/2*3 + 59. What is the greatest common factor of y and j?
7
Let o be 1/(1/(-6)*1). Suppose 2*l = -4*m - 38, -6*m + 2*m - 41 = 5*l. Let r = o - m. What is the highest common factor of 3 and r?
3
Let s be 124 + (-2)/(2/2). Suppose -68 = -3*b + 2*m, -s + 4 = -5*b + m. Let d = 40 + -24. What is the greatest common divisor of d and b?
8
Let x = 282 - 409. Let l = 211 + x. Calculate the highest common divisor of l and 56.
28
Let u = -35 - -80. Let h be (0 + (-18)/(-4))*2. Calculate the greatest common factor of u and h.
9
Let t(j) be the first derivative of -1/4*j**4 + 8/3*j**3 - 7/2*j**2 + 6*j - 3. Let v be t(7). What is the highest common factor of v and 3?
3
Let c = -3 + 14. Let x = -13 + 13. Suppose 0 = -x*d + 2*d - 66. What is the greatest common factor of c and d?
11
Let q = -26 + 54. Calculate the greatest common factor of q and 4.
4
Suppose -3*k = -28 - 2. Calculate the greatest common divisor of k and 10.
10
Let n(w) = -21*w + 57. Let s(p) = -5*p + 14. Let u(m) = 2*n(m) - 9*s(m). Let d be u(8). Let f be 40/6 + (-2)/3. Calculate the greatest common factor of d and f.
6
Let z(t) = -t + 8. Let c be z(8). Suppose -2*x - 2*x + 5*d + 59 = c, 4*x - 94 = -2*d. What is the greatest common divisor of x and 14?
7
Suppose 6*l + 5*b = 2*l + 98, -l + 16 = -3*b. Let z(d) = d**3 - 7*d**2 - 13*d + 10. Let o be z(9). What is the highest common f